isor of 178 and 45568.
178
What is the greatest common divisor of 137475 and 90?
45
Calculate the highest common divisor of 214656 and 234.
78
Calculate the highest common divisor of 5093341 and 11.
11
What is the greatest common divisor of 253 and 2303059?
253
What is the greatest common divisor of 153 and 7497?
153
Calculate the highest common factor of 775541 and 1059.
353
What is the greatest common divisor of 8531 and 608?
19
Calculate the highest common factor of 61952 and 384.
128
Calculate the greatest common divisor of 49 and 628810.
7
What is the highest common divisor of 8536 and 32883?
97
What is the highest common divisor of 1214060 and 220?
20
What is the greatest common factor of 48246 and 366962?
1462
Calculate the greatest common divisor of 17226 and 2046.
66
What is the greatest common factor of 1240 and 2005?
5
Calculate the greatest common factor of 2700771 and 388.
97
Calculate the highest common factor of 68324 and 4294.
38
Calculate the highest common factor of 686 and 560.
14
What is the greatest common factor of 2280 and 5548?
76
Calculate the highest common factor of 578519 and 230.
23
Calculate the highest common factor of 480 and 4512.
96
Calculate the greatest common divisor of 2866111 and 821.
821
What is the highest common factor of 252 and 644?
28
What is the highest common divisor of 628 and 679182?
314
What is the highest common factor of 280 and 78680?
280
What is the greatest common divisor of 1103090 and 30?
10
What is the greatest common divisor of 208 and 4672?
16
What is the highest common factor of 79478 and 294?
98
Calculate the highest common factor of 7857991 and 373.
373
Calculate the greatest common factor of 168 and 699756.
12
What is the highest common factor of 75723 and 172?
43
Calculate the greatest common factor of 27714 and 108.
6
Calculate the greatest common factor of 1110858 and 84.
42
Calculate the highest common factor of 2199 and 1775326.
733
What is the greatest common divisor of 1176 and 3666?
6
Calculate the highest common factor of 3948002 and 129.
43
Calculate the highest common factor of 42835 and 1040.
65
Calculate the greatest common factor of 1173 and 6698.
17
What is the highest common factor of 662375 and 175?
175
What is the highest common factor of 540 and 547020?
540
Calculate the greatest common factor of 23250 and 135.
15
Calculate the greatest common divisor of 6542890 and 830.
830
Calculate the highest common factor of 92 and 32729.
23
What is the greatest common divisor of 296 and 32893?
37
Calculate the greatest common divisor of 20475 and 156.
39
What is the highest common divisor of 8904 and 8400?
168
What is the greatest common factor of 20976 and 518512?
368
Calculate the greatest common divisor of 332572 and 2068.
188
What is the greatest common factor of 2332 and 28673?
53
What is the highest common factor of 77384 and 17639?
569
What is the highest common factor of 736971 and 9018?
501
What is the highest common factor of 8839858 and 458?
458
What is the greatest common divisor of 18 and 7731?
9
What is the greatest common factor of 3 and 17421?
3
Calculate the highest common divisor of 24 and 1884.
12
What is the highest common divisor of 10408 and 740269?
1301
What is the greatest common divisor of 26 and 4459?
13
What is the highest common divisor of 56770 and 4690?
70
What is the greatest common factor of 630403 and 67?
67
What is the greatest common divisor of 4827650 and 250?
50
What is the highest common factor of 116928 and 224?
224
What is the greatest common divisor of 13527 and 19706?
167
Calculate the highest common factor of 25664 and 6976.
64
What is the greatest common factor of 20 and 324652?
4
Calculate the highest common factor of 55 and 8019.
11
Calculate the greatest common factor of 221072 and 738.
82
What is the greatest common divisor of 1216 and 53314?
38
Calculate the highest common divisor of 3373101 and 27.
9
Calculate the greatest common factor of 733612 and 308.
44
Calculate the greatest common divisor of 164 and 15840432.
164
Calculate the greatest common divisor of 203931 and 4.
1
What is the greatest common divisor of 43264 and 768?
256
Calculate the highest common divisor of 314335 and 1666.
49
What is the highest common factor of 256 and 730496?
128
Calculate the greatest common divisor of 148 and 9361.
37
Calculate the highest common factor of 4329 and 143.
13
What is the greatest common divisor of 1175 and 1147035?
235
Calculate the greatest common factor of 654 and 43273.
109
Calculate the greatest common factor of 120 and 37545.
15
What is the greatest common factor of 23051 and 28?
7
What is the greatest common divisor of 110317 and 214?
107
Calculate the highest common factor of 9231 and 459378.
543
What is the greatest common divisor of 1055904 and 34?
34
What is the highest common factor of 15795 and 4485?
195
What is the greatest common factor of 309 and 38001?
3
What is the highest common divisor of 43 and 2976374?
43
Calculate the greatest common divisor of 2359 and 77.
7
Calculate the greatest common divisor of 197914 and 102.
34
Calculate the greatest common divisor of 896 and 2940.
28
Calculate the greatest common factor of 2114 and 26250.
14
Calculate the greatest common factor of 141576 and 408.
408
Calculate the greatest common divisor of 4116 and 5076.
12
Calculate the highest common factor of 7040 and 4320.
160
Calculate the highest common divisor of 34623 and 171.
9
Calculate the greatest common divisor of 541241 and 5833.
307
What is the highest common divisor of 330 and 113370?
30
Calculate the greatest common factor of 3698 and 1763.
43
Calculate the highest common factor of 114 and 2256516.
114
What is the highest common factor of 939 and 69799?
313
Calculate the highest common factor of 59249 and 4833.
179
Calculate the highest common factor of 32 and 30496.
32
What is the greatest common factor of 286407 and 263?
263
What is the highest common factor of 1799768 and 8?
8
What is the highest common divisor of 14976 and 441?
9
What is the highest common divisor of 16 and 204656?
16
Calculate the greatest common factor of 32 and 207312.
16
Calculate the highest common factor of 511 and 11501.
7
What is the highest common divisor of 60391 and 138761?
461
Calculate the highest common divisor of 89 and 81079.
89
Calculate the highest common factor of 39 and 45669.
39
What is the highest common factor of 187 and 440?
11
Calculate the greatest common factor of 44432 and 16.
16
Calculate the highest common divisor of 412011 and 441.
9
Calculate the highest common divisor of 3460 and 40.
20
What is the highest common factor of 20 and 497890?
10
Calculate the greatest common divisor of 6586 and 1554.
74
Calculate the highest common factor of 423 and 30738.
141
What is the greatest common factor of 221 and 13022?
17
Calculate the greatest common factor of 4460 and 21140.
20
What is the greatest common divisor of 2 and 149866?
2
Calculate the greatest common divisor of 17568 and 112.
16
Calculate the greatest common factor of 1853 and 3026.
17
What is the highest common divisor of 51393 and 8103?
111
What is the greatest common factor of 35784 and 710?
142
What is the greatest common factor of 2331 and 53280?
333
What is the greatest common divisor of 474925 and 475?
25
What is the greatest common divisor of 1144 and 5258?
22
Calculate the highest common factor of 2331 and 24975.
333
What is the highest common divisor of 7 and 106813?
7
Calculate the greatest common divisor of 640135 and 42085.
2215
Calculate the highest common divisor of 45 and 774405.
45
What is the highest common factor of 1 and 8890?
1
Calculate the highest common factor of 2126 and 214.
2
Calculate the greatest common divisor of 387300 and 850.
50
What is the highest common factor of 1035 and 26105?
115
Calculate the highest common factor of 224852 and 28408.
268
What is the greatest common factor of 2530 and 8510?
230
Calculate the highest common divisor of 56693 and 364.
91
What is the highest common divisor of 356986 and 14?
14
Calculate the highest common factor of 154 and 88662.
14
What is the highest common factor of 2743 and 2457?
13
Calculate the highest common factor of 82733 and 446.
223
What is the highest common divisor of 12